et c = 56639 + -56573. Calculate the remainder when c is divided by v(6).
31
Suppose -2*g + 4701 = -2301. What is the remainder when g is divided by 113?
111
Let x be -4*8/32*9. Calculate the remainder when 7/(-21) - (984/x - 1) is divided by 13.
6
Let f(m) = -47*m - 4347. Calculate the remainder when f(-102) is divided by 440.
7
Suppose -5425 = -259*y + 37464 + 117691. What is the remainder when y is divided by 91?
74
Let v = -131 + 133. Suppose 4*k + v*r = -3*r + 41, -5*k - r = -46. What is the remainder when 22 is divided by k?
4
Suppose 0 = -2*v - 2*y - 2, -y + 26 = 5*v + 15. Suppose 209 - 9 = 5*k. Let d = 46 - k. What is the remainder when d is divided by v?
0
Let j(a) = 15*a - 8. Suppose 8 + 100 = -82*s + 928. Calculate the remainder when j(7) is divided by s.
7
Let h = -4 + 6. Let q be (30/12)/(13/2 - 7). Calculate the remainder when 16 is divided by ((-6)/q)/(h*(-5)/(-75)).
7
Suppose 405 = 3*s - 198*q + 193*q, 0 = -4*s - 3*q + 511. What is the remainder when 165 is divided by s?
35
Suppose -4*t = -a - 3*a - 84, -a - 5*t - 21 = 0. Let u = -10 - a. Suppose 3*c - 5*f - 132 = 0, 3*f - 2 = -u. What is the remainder when 115 is divided by c?
37
Suppose 3*c + 4*w + 36 - 129 = 0, 0 = -c + w + 31. Suppose -54527*i + 54552*i - 1875 = 0. What is the remainder when i is divided by c?
13
Suppose 26*r - 15 = 21*r. Let n(w) = 18*w**2 - 39*w + 4. Calculate the remainder when 140 is divided by n(r).
42
Suppose 0*w + w - 20 = 0. Suppose -4*j = -7*j + 2*s + 20, 0 = 5*j - 3*s - 34. What is the remainder when w is divided by j?
4
Suppose 20*d - 1019 = -3439. Let q = d - -183. Calculate the remainder when q is divided by 16.
14
Let n be (-3)/27 - (-244)/9. What is the remainder when n/(-12)*(-9)/((-9)/(-284)) is divided by 64?
63
Let h(g) = -78*g + 35. Let a be h(3). Let u = a + 214. What is the remainder when 57 is divided by u?
12
Suppose 0 = 88*u + 3383 + 1369. Suppose -3*y + 215 = 2. Let z = u + y. Calculate the remainder when 49 is divided by z.
15
Suppose -8*d - 5*d - 988 = 0. What is the remainder when (-2 - 40/6)/(d/798) is divided by 32?
27
Let i(u) = -u**2 - 8*u - 7. Let q = 242 - 240. Suppose -2*d + 3*l = -q, -5*l = 4*d - 6*l - 14. Calculate the remainder when i(-5) is divided by d.
0
Let g = 3492 - 3307. What is the remainder when g is divided by 165?
20
Suppose -1434*j = -1446*j + 1332. What is the remainder when 859 is divided by j?
82
Suppose 3*v - 5*u = -u + 56, 4*u = 4. Let n(t) = -2*t**3 - 118*t**2 + 787*t + 491. What is the remainder when n(-65) is divided by v?
16
What is the remainder when (1 + 47)*(-2)/(-2) is divided by (-72)/16*(-528)/99?
0
Let l(f) = -41*f - 2231. Calculate the remainder when 235 is divided by l(-57).
23
Let b(d) = -35*d - 1238. Suppose -w + 3*w - 4*f - 24 = 0, 0 = -2*w - f + 24. What is the remainder when b(-37) is divided by w?
9
Suppose 56*n - 122*n - 105*n + 20349 = 0. Calculate the remainder when 453 is divided by n.
96
Suppose 0 = -661*r + 677*r - 80. Suppose -2*m = -10*m + 200. What is the remainder when m is divided by r?
0
Suppose 0 = 2*u + 127*y - 124*y - 8731, 0 = 5*y + 25. What is the remainder when u is divided by 162?
161
Suppose -5 = -4*h - 0*u + 5*u, 3*h - 3*u = 0. Let g be ((-2)/h)/(17/5950). Suppose 4*w = 4*l + g, -5*l + 16 = -l. What is the remainder when w is divided by 15?
9
Let a(c) = c**3 + c**2 - 3*c + 9. Let j be a(0). Suppose 585 = 6*t - j. Suppose 40*b = 37*b + t. Calculate the remainder when b is divided by 17.
16
Let v be (-36)/(-3) - (93 + -86). Let n(x) = x**3 + 8*x**2 + 9*x + 7. Let a be n(-6). What is the remainder when 3/5 - v/(a/(-167)) is divided by 13?
8
Let q = -39 - -41. Suppose -r + 2*u = -q*u - 21, 0 = 4*r + 5*u. Suppose -98 = -r*y + 17. Calculate the remainder when y is divided by 12.
11
Let s(r) = 48*r**3 - 4*r**2 - 259*r + 260. Suppose 451 + 265 = 4*n. Calculate the remainder when n is divided by s(1).
44
Let d = 27 + -18. Let w(f) = -6*f**2 + 7*f - 6. Let u be w(4). Let k = -68 - u. Calculate the remainder when d is divided by k.
3
Suppose -78*g = -4*y - 80*g + 8, 11 = y - 4*g. Calculate the remainder when 30 is divided by y.
0
Suppose 4*z + 8 = 0, 0 = -r - r + 5*z + 18. Let b(g) = -8*g - 72. Let l be b(-9). Suppose r*q - 6*q + 24 = l. Calculate the remainder when 32 is divided by q.
8
Suppose -11*a + 13962 = 67*a. What is the remainder when a is divided by 60?
59
Suppose 0 = 513*u - 470*u - 1548. Calculate the remainder when 1150 is divided by u.
34
Let n = 7444 - 7426. What is the remainder when 273 is divided by n?
3
Suppose 189*i - 18 = 91*i + 97*i. Suppose 5*x - 63 = -4*h - 7, 5*h = -5*x + 60. Suppose 2*u = 34 - x. Calculate the remainder when i is divided by u.
5
Suppose -17*l + 5585 = 4446. Calculate the remainder when 1198 is divided by l.
59
Let a(b) = 2279*b + 4560. What is the remainder when 1*57 - (4 - 1) is divided by a(-2)?
0
Let t(o) = -79*o + 2488. What is the remainder when t(27) is divided by 28?
19
Suppose 21*r + 18*r = 12*r + 119448. Calculate the remainder when r is divided by 233.
230
Suppose -3*u + 5*t = -5289, -34*t + 29*t = -5*u + 8815. Calculate the remainder when u is divided by 583.
14
Let z(u) = 26*u**2 + 1. Let c(h) = 65*h**2 - 11*h - 17. Let d be c(-2). Suppose -d = -27*i + 22*i. Calculate the remainder when i is divided by z(-1).
26
Let j(m) = -m**3 - 9*m**2 + 19*m + 283. Calculate the remainder when 556 is divided by j(-9).
108
Suppose 31*j - 3627 = -156*j - 92*j. Let a = -145 - -291. What is the remainder when a is divided by j?
3
Suppose 128 = -393*g + 401*g. What is the remainder when 46 is divided by g?
14
Suppose 77*a = 23683 + 9658. Let g = -7 + 38. Calculate the remainder when a is divided by g.
30
What is the remainder when ((-4)/32)/((-20)/40) + 2647/4 is divided by 18?
14
What is the remainder when 1043 is divided by 2078/6 - (-1 + -5)*68/(-306)?
8
Let c(r) = -21*r**2 + 384*r - 83. What is the remainder when 538 is divided by c(18)?
13
Suppose 3*a - 128 = -j, -49*a - 3*j - 132 = -52*a. Calculate the remainder when 831 is divided by a.
14
Suppose 98*k + 56896 - 52406 = 172952. Calculate the remainder when k is divided by 4.
3
Suppose -w + 7*f - 120 = 2*f, 3*w + 425 = 2*f. Suppose -785 = 2*c - 7*c. Let t = w + c. What is the remainder when 35 is divided by t?
11
Let x(n) = -23*n - 17*n + 44 + 65*n - 26*n. Let a(g) = -3*g - 12. Let t be a(-12). What is the remainder when x(t) is divided by 11?
9
Suppose 0 = 1216*x - 39773 - 31971. Let q = -16 + 36. What is the remainder when x is divided by q?
19
Let a = -150 + -455. Let h = a - -677. What is the remainder when h is divided by 47?
25
Suppose -s = -4*s + 255. Let a = 258100 - 258078. What is the remainder when s is divided by a?
19
Suppose -4*l + 104 = b - 341, 0 = l + b - 109. What is the remainder when 15004 is divided by l?
108
Let u(f) = 8*f + 459. What is the remainder when u(-12) is divided by 91?
90
Calculate the remainder when (415875/500 - (-2 - -9))*12 is divided by 60.
57
Let t(y) = y**2 - 3*y - 193. What is the remainder when 879 is divided by t(19)?
102
What is the remainder when 5 + 1 + (-9)/(-9 - (-8088)/900) is divided by 38?
35
Suppose 3*q - 7 = 5*x - 407, 145 = -q + 4*x. Let k = 214 + q. What is the remainder when k is divided by (-618)/(-21) + 172/301?
29
Let s(f) = 12*f + 697. Let c = 325 - 82. Calculate the remainder when c is divided by s(-54).
47
Let a = -299 + 299. Suppose -4*g - 3*m = -15, 0 = 5*g - a*g - 5*m - 10. Calculate the remainder when 7 is divided by g.
1
Calculate the remainder when 189 is divided by (252/27)/((-5)/(180/(-16))).
0
Let d = 813 - 729. Suppose 3*j = -2*j + 70. What is the remainder when j is divided by d/8 - 2/(-4)?
3
Calculate the remainder when 8494 is divided by ((-29)/(-2) + 3/12)*(218 + -214).
57
Let q(d) = 3*d**2 + 5*d - 10. Let a be q(-6). Suppose -2*o = a + 16. Let b = 72 + o. What is the remainder when b is divided by 12?
6
Let p = 1508 - 2229. Let h = -687 - p. What is the remainder when 137 is divided by h?
1
Suppose -t + 37 = 3*h + t, -3*h + 5*t = -65. What is the remainder when (-2)/(((-119)/70 - -2)/(-3)) is divided by h?
5
Suppose 9*c + 133756 + 194936 = 282*c. Calculate the remainder when 1211 is divided by c.
7
Suppose -3*f = -2*r - f + 44, -2*r + 46 = -3*f. Suppose 57 = -o + 4*o. What is the remainder when r is d